culate the highest common factor of 1794 and 478686.
78
What is the greatest common divisor of 45755199 and 41439?
2181
What is the greatest common divisor of 7710 and 22445609?
257
What is the highest common divisor of 741 and 14357538?
39
What is the greatest common divisor of 3978 and 15065349?
663
Calculate the highest common factor of 985 and 23553517.
197
What is the highest common factor of 3169057 and 430?
43
What is the highest common factor of 5378408 and 616?
56
What is the highest common divisor of 2650 and 47476340?
530
What is the highest common factor of 13604060 and 740?
20
What is the greatest common divisor of 54712932 and 114?
114
Calculate the highest common divisor of 10723223 and 105.
7
What is the greatest common factor of 466228 and 140?
28
What is the highest common divisor of 165932 and 12636?
52
Calculate the highest common factor of 1377 and 5384529.
459
What is the highest common factor of 72 and 1187226?
18
Calculate the highest common divisor of 29 and 124381.
29
What is the highest common divisor of 10 and 471894?
2
Calculate the highest common factor of 3104215 and 158858.
1621
Calculate the greatest common divisor of 5752 and 560200.
8
What is the greatest common divisor of 70 and 1109584?
14
Calculate the highest common factor of 1546 and 5042.
2
Calculate the highest common factor of 537 and 17801550.
537
Calculate the highest common divisor of 347158 and 761446.
1918
Calculate the highest common factor of 20070 and 481903.
223
Calculate the highest common factor of 3 and 4239651.
3
Calculate the highest common factor of 48200 and 3747800.
200
Calculate the highest common factor of 22692 and 613416.
732
Calculate the highest common divisor of 31832 and 17127.
173
Calculate the highest common factor of 424815 and 443865.
1905
Calculate the greatest common factor of 104214 and 121638.
66
Calculate the greatest common divisor of 36 and 64928676.
12
What is the greatest common divisor of 5577 and 660803?
143
Calculate the highest common divisor of 19346845 and 19.
19
Calculate the greatest common divisor of 17822 and 183569146.
2546
What is the greatest common divisor of 1624 and 21785293?
29
Calculate the highest common divisor of 2110 and 19000.
10
Calculate the highest common divisor of 5291 and 27313.
143
Calculate the highest common factor of 153 and 33391451.
17
What is the highest common divisor of 51389774 and 230?
46
What is the highest common factor of 297 and 326849121?
27
What is the greatest common factor of 36 and 108739008?
36
What is the greatest common factor of 4536705 and 4740?
15
What is the greatest common factor of 304240 and 4840?
40
What is the greatest common factor of 483913 and 3233?
61
Calculate the highest common divisor of 40736 and 14641376.
2144
Calculate the greatest common divisor of 593649 and 957663.
1701
Calculate the highest common divisor of 59664501 and 618.
309
Calculate the greatest common divisor of 997491 and 228623.
167
Calculate the greatest common divisor of 225750 and 825.
75
Calculate the highest common factor of 75054608 and 55814.
5074
Calculate the highest common factor of 805081170 and 30.
30
Calculate the greatest common factor of 1411592 and 495586.
1274
What is the greatest common factor of 15 and 113532?
3
Calculate the greatest common divisor of 11132 and 15399604.
1012
Calculate the greatest common factor of 159654 and 245971.
649
Calculate the highest common divisor of 1335 and 6387.
3
Calculate the greatest common factor of 40 and 24630780.
20
What is the greatest common divisor of 1165996 and 5525?
221
Calculate the highest common factor of 1881 and 105581043.
171
Calculate the greatest common factor of 2191969 and 4784.
299
What is the highest common factor of 69 and 53208223?
23
What is the highest common divisor of 815269884 and 4862?
4862
What is the highest common factor of 10876050 and 360?
90
What is the greatest common factor of 6288 and 9135408?
48
What is the highest common divisor of 21837 and 10641396?
753
What is the highest common factor of 6519264 and 96?
96
Calculate the highest common divisor of 942 and 93850989.
471
Calculate the highest common factor of 250 and 63530500.
250
Calculate the greatest common factor of 203856255 and 45.
45
What is the greatest common factor of 3452 and 16287399?
863
What is the highest common factor of 13848055 and 855?
95
What is the highest common factor of 59619489 and 843?
843
What is the highest common divisor of 5644224 and 2706?
246
What is the greatest common divisor of 5919285 and 45?
15
What is the highest common divisor of 268039 and 19601?
17
What is the highest common divisor of 1232 and 928449368?
616
Calculate the highest common divisor of 2014 and 11271404.
106
Calculate the greatest common factor of 3405 and 1121957715.
3405
What is the highest common divisor of 2282045 and 9?
1
What is the highest common divisor of 222038 and 261166?
134
What is the highest common divisor of 342927 and 1314846?
351
What is the greatest common factor of 133540 and 57805?
55
What is the highest common divisor of 113765 and 2016065?
1865
What is the highest common factor of 1800 and 4926840?
120
What is the highest common divisor of 258 and 298979?
43
Calculate the highest common factor of 662068 and 335544.
1804
What is the greatest common factor of 13983 and 5703825?
177
Calculate the greatest common divisor of 6240 and 345340320.
6240
Calculate the greatest common divisor of 736460 and 27140.
460
What is the greatest common divisor of 3420485 and 221?
17
What is the highest common factor of 1386574 and 847?
7
Calculate the greatest common divisor of 468824 and 8744.
8
What is the greatest common factor of 541166 and 50?
2
Calculate the highest common factor of 303 and 463918250.
101
What is the highest common divisor of 1412 and 3790867?
353
What is the greatest common divisor of 1200352 and 648?
8
Calculate the highest common divisor of 95157 and 5716889.
97
What is the highest common factor of 4755 and 646393749?
951
What is the greatest common divisor of 275 and 46592425?
275
What is the highest common factor of 673425 and 6215805?
1845
What is the highest common divisor of 297 and 177287913?
297
What is the highest common divisor of 4960 and 36189152?
992
What is the greatest common factor of 7944 and 6099006?
1986
What is the greatest common divisor of 820068 and 555?
111
Calculate the highest common factor of 2403857 and 70160.
877
What is the greatest common divisor of 181101 and 831738?
201
What is the highest common factor of 60 and 99059970?
30
Calculate the highest common divisor of 26 and 287613794.
26
Calculate the highest common divisor of 37056 and 347952.
48
Calculate the highest common divisor of 1878640 and 16560.
1840
Calculate the greatest common factor of 45321861 and 39.
39
Calculate the greatest common divisor of 865 and 62262527.
173
What is the highest common factor of 340 and 5148340?
20
What is the highest common divisor of 466 and 473328782?
466
What is the greatest common divisor of 261830552 and 1923?
641
What is the greatest common divisor of 7379720 and 6360?
2120
What is the greatest common factor of 2586290 and 20?
10
What is the highest common factor of 17534376 and 24?
24
Calculate the greatest common factor of 190 and 148295.
95
What is the greatest common divisor of 54793057 and 1063656?
14773
What is the highest common divisor of 78 and 10926948?
6
What is the greatest common factor of 13130 and 3831334?
2626
What is the highest common divisor of 20405364 and 42?
42
What is the highest common divisor of 7836141 and 2004?
501
Calculate the greatest common factor of 26577281 and 811.
811
What is the greatest common factor of 31115 and 43855?
245
What is the greatest common divisor of 12991737 and 4818?
2409
Calculate the greatest common factor of 139 and 746928871.
139
What is the highest common divisor of 15808815 and 990?
495
Calculate the greatest common divisor of 5507407 and 369.
41
Calculate the highest common factor of 41608 and 134928.
8
Calculate the highest common divisor of 96324 and 16192.
92
What is the greatest common factor of 202410 and 33995?
65
What is the highest common divisor of 17085085 and 190?
95
Calculate the highest common divisor of 14